 = -9*l + 1. Let o be v(-6). Let g = o + -35. What is the tens digit of g?
2
Let z be (-39)/4 + (-1)/4. Let p = -5 - z. Suppose -6*t = -t - p. What is the units digit of t?
1
Let u be (-3 - -1)*2/(-4). Let c = 1 - u. Suppose 9 = 3*a - c*a. What is the units digit of a?
3
What is the tens digit of (-909)/(-18) - 1/(-2)?
5
Let b(w) = -w**3 - 7*w**2 - 5*w + 6. Let r be b(-6). Let d(p) = -2 - 2*p + r - 3 - 1. What is the units digit of d(-7)?
8
Suppose 21*p = 7*p + 2114. What is the hundreds digit of p?
1
Let d be (3 + (-13)/5)*5. Suppose -3*n - 21 = -3*q, -3*n - 2*n = d*q. What is the units digit of q?
5
Let j be 0/(-4)*1/2. Suppose j = -10*k + 15*k - 240. What is the tens digit of k?
4
Let n(z) = -z - 5. Let q be n(-11). Suppose f - q*f = -105. What is the units digit of f?
1
Let a be ((-6)/(-4) - 2)*78. What is the tens digit of (a*4/6)/(-1)?
2
Let a(i) = -i**3 - 12*i**2 - 3*i - 10. Let q be a(-12). Let d = q - 10. What is the units digit of d?
6
Suppose -q - 21 = -3*b, 0 = 3*b + 2*b - 3*q - 31. Let t(n) = -n**3 + n**2 + n + 2. Let c be t(0). Suppose c - b = -o. What is the units digit of o?
6
Suppose n - 2*t = -9, 3*t + 2 = n + 15. Let z(h) = -10*h**3 - 2*h**2 - h. What is the units digit of z(n)?
9
Let c(h) = h**2 - 9*h + 5. Let r be c(8). Let d be (-5)/r - (-2)/6. Suppose 5 = 3*q + d*q. What is the units digit of q?
1
Let c = -7 + 11. Suppose -2*p - 10 = -c*p. Suppose 0*b - p = -b. What is the units digit of b?
5
Suppose 11*o - 3*o - 1248 = 0. What is the tens digit of o?
5
Let k be (-16)/6 - (-4)/6. Let x be ((-21)/(-3))/(k/(-2)). Suppose 7*q - 3*q = 3*p - x, -q - 18 = -4*p. What is the units digit of p?
5
Let r(y) = y**3 - 7*y**2 - y - 7. What is the units digit of r(8)?
9
Suppose 432 = 2*i + 4*i. What is the tens digit of i?
7
Suppose 5*z = -70 + 1955. What is the units digit of z?
7
Let z(b) = 2*b**2 - 4. Suppose -4*m = 8, -4*m = 2*x + x - 4. Suppose x*a - 4*o = 16, -3*a - 3*o = 2*o - 4. What is the tens digit of z(a)?
1
Let u = -13 - -127. What is the units digit of u?
4
Suppose -4*x = -3*x - 4. Let d(i) = 3*i**2 - i - 2. What is the units digit of d(x)?
2
Let c = -9 + 5. What is the tens digit of c*((-1)/2 + -3)?
1
Suppose 0*g = -4*s - 5*g + 1, 12 = -4*g. Suppose 0 = 2*k + s - 8. Suppose k*r - 1 = r. What is the units digit of r?
1
Let p be ((-3)/2)/(15/(-160)). Suppose p = 4*h + 4. What is the units digit of h?
3
Let r = 80 - 35. What is the tens digit of r?
4
Let s(i) = 2*i**2 - 5*i - 1. Suppose y - 2 = 2. What is the tens digit of s(y)?
1
Let a(f) = 58*f**2 - 2*f - 1. What is the tens digit of a(-1)?
5
Let l(m) = 12*m**2 - 2*m - 4. What is the units digit of l(3)?
8
Let g(z) = 2*z**2 + 3*z - 2. Let s be g(1). Suppose 2 = 5*d + 12. Let o = s + d. What is the units digit of o?
1
Let y = 1 - -1. Let i be (2/(-4))/(y/40). Let v = i + 14. What is the units digit of v?
4
Suppose x - 36 = -3*x. What is the units digit of -15*(1 + (-12)/x)?
5
Suppose 0*c - 10 = -5*c. Let m(l) = 8 - 2 + 2*l**2 - c + 5*l. What is the units digit of m(-3)?
7
Let b = -9 - -41. Suppose 5*i = -h + 39, -b + 119 = 5*h - 2*i. What is the tens digit of h?
1
What is the tens digit of (-32)/(-112) - (-929)/7?
3
Suppose -3*y = 2*n - 200, -212 = -3*y - 2*n - 3*n. What is the tens digit of y?
6
Let l(h) = 3*h**2 + 14*h - 4. Let q be l(-10). What is the tens digit of ((-4)/6)/((-4)/q)?
2
Suppose x - 4*z - 104 = 0, -5*x - 5*z = -z - 640. What is the tens digit of x?
2
Let p be 0*(-4 - (-28)/8). Suppose p = -7*l + 3*l + 32. What is the units digit of l?
8
Let f = 3 - 10. Let r = 10 + f. What is the units digit of r?
3
Let k = 104 + -39. Let t = -20 + k. What is the units digit of t?
5
Suppose 0 = 2*o - 8 - 10. Let z be 9/12*(8 - 0). Let g = z + o. What is the units digit of g?
5
Suppose j - 246 = -48. What is the hundreds digit of j?
1
Let o(f) = f**3 - 2*f**2 - 3*f - 3. Let v be o(3). What is the units digit of v/6 - (-13)/2?
6
What is the units digit of (10 - 6)*(-1)/(-2)?
2
Suppose -52*t + 53*t = 15. What is the units digit of t?
5
Let b(m) be the third derivative of 7*m**5/60 + m**4/8 + m**3/3 + 4*m**2. What is the units digit of b(-1)?
6
Suppose -2*b - 3 = -3*b. Suppose -b*c + 21 = 3. What is the units digit of c?
6
Let j = 534 - 338. What is the hundreds digit of j?
1
Let c(g) = g + 9*g**2 - g**2 - 2*g - 1 + 3*g. What is the units digit of c(1)?
9
Let f = -1 + 4. What is the units digit of f?
3
Suppose -3*g + 10 = h - 0*h, 14 = h + 4*g. Let f be (h + 1)/(-1*1). Suppose f = 3*c - 3*k - 26, 4*c + 2*k - 6 = 0. What is the units digit of c?
4
Suppose -35*i + 120 = -30*i. What is the units digit of i?
4
Let m(j) = 2*j - 2. Let p be m(-2). Let f be p/(1/(1/(-2))). Suppose 0 = -4*n + f + 17. What is the units digit of n?
5
Suppose 4*o - 5*s - 2 = 11, 0 = 2*o - 5*s + 1. Suppose 0 = -2*j + o*j - 55. What is the units digit of j?
1
Let h = -37 + 55. What is the units digit of h?
8
Suppose -p - 4*n = -4, p + 13 = 3*p + 3*n. Let r(f) be the third derivative of f**5/60 - 7*f**4/24 + f**3/3 + 5*f**2. What is the tens digit of r(p)?
1
Suppose 4*z - 3*k = 221, -2*k = -z + 3*k + 68. What is the units digit of z?
3
What is the units digit of 30/45 + 85/3?
9
Suppose 2*z - 5 = 2*s - 1, -4*s + 37 = 5*z. What is the units digit of (3 - (s - 0)) + 3?
3
What is the units digit of 7 + -2 - 896/(-4)?
9
Let d(x) = x - 4. Let i be d(4). Suppose 2*z - 173 = -3*h + 3*z, 5*h - 5*z - 275 = i. Suppose l + h = 5*f, 0 = -f + 4*l - 2*l + 19. What is the tens digit of f?
1
Let y(h) = -h**3 - 6*h**2 + 4*h + 1. Let c be y(-8). Suppose -3*l + c = 13. What is the tens digit of l?
2
Let y(f) = -f**2 + 13*f - 37. What is the units digit of y(7)?
5
Suppose 5*o = 5*m - 185, -5*m + 0*m + o = -193. What is the tens digit of m?
3
Let v(d) = d**2 - 9 + 26*d - 4 - 18*d - 18*d. What is the units digit of v(12)?
1
Suppose 0 = 2*q + 5*a - 126, 5*q - a - a = 373. What is the tens digit of q?
7
Suppose 780 = 2*t - 0*t. What is the tens digit of t?
9
Suppose -5*a + 3*f = -40, 5*f - 4*f = -5. Suppose 0 = 2*j + a - 49. What is the tens digit of j?
2
Suppose 2*x - f - 44 = 77, 185 = 3*x + 2*f. What is the tens digit of x?
6
What is the tens digit of 3/(-18) - (-181)/6?
3
Suppose 4*w - 20 = -3*u, 15 = 2*u + 3*w + 1. Suppose -u*y + 20 = -0*y. Suppose 3*m + y*d - 2*d - 12 = 0, -4*m + 26 = 2*d. What is the units digit of m?
9
Suppose g = -g + 2*n - 10, 5*n = 3*g + 25. Let m(d) = -6*d**3 - d**2 - d - 1. Let p be m(-1). Let y = p + g. What is the units digit of y?
5
Let b = -2 + 6. Suppose 8*h - b*h - 20 = 0. Suppose -i = 5*v + 15, -h*v - 27 = -i + 8. What is the tens digit of i?
1
Let d(r) = r**2 - r + 3. Let h be d(4). Suppose j - 2*j + h = 0. What is the units digit of j?
5
Let w = -15 + 17. Suppose -73 = -5*p + b, -3*b - 6 = w*p - 25. What is the tens digit of p?
1
Suppose 70 = -5*v - 0*a + 3*a, 5*v + 2*a + 95 = 0. Let k = -11 - v. What is the units digit of (-1 - -3)/(k/21)?
7
What is the tens digit of (-2 - 1/4)*(-3 - 5)?
1
Let z be ((-18)/4)/((-1)/(-2)). What is the tens digit of 32/12*z/(-2)?
1
Let m = 123 + -65. What is the tens digit of m?
5
What is the units digit of 21/((7/6)/7)?
6
Suppose -5*y = -6 - 14. Let d = y - 0. What is the units digit of -10*(8/(-5))/d?
4
Let y(z) = z**2 - 6*z + 12. Let d(q) = -3*q - 1. Let t be d(-3). What is the units digit of y(t)?
8
Suppose -2*m + 4 = -4*m. Let h = m - -9. What is the units digit of h?
7
Let r(v) = 44*v + 1. What is the units digit of r(1)?
5
Suppose 5*c = -3*i + 239, -3*i + 4*c + 77 = -180. What is the tens digit of i?
8
Let n = 24 + -2. What is the units digit of n?
2
Let x(d) = d**2 + 3*d + 6. Let m be x(-6). Suppose 3*v + a - 20 = 0, 5*v - 3*a - m = -7*a. What is the units digit of v?
8
Let w(y) = -3*y + 4. What is the units digit of w(-6)?
2
Let x(l) = -l**3 + 6*l**2 - 6*l + 10. What is the units digit of x(4)?
8
Let q = -78 - 90. What is the tens digit of (q/(-20))/3*5?
1
Let k(m) = -m**2 + 10*m + 1. What is the units digit of k(7)?
2
Suppose -1 = u - 16. Suppose 2*o - 3*o = -u. What is the tens digit of o?
1
Let n(l) = l**3 + 3*l**2 - l + 3. Let q be n(-4). What is the tens digit of (6/q)/((-4)/90)?
1
Let y(g) = -g**3 + 4*g**2 - 4. Let b be y(4). Let i = 5 - b. Suppose -i = 2*s - 21. What is the units digit of s?
6
What is the units digit of ((-2 + 1)*1)/((-2)/15